me factors of l?
19
Let b = -25 - -58. Suppose -b = 3*d - 6*d. What are the prime factors of d?
11
Suppose 2*q - 15 = -7. Suppose q*j = 2*j + 88. List the prime factors of j.
2, 11
Let j = 266 + -152. What are the prime factors of j?
2, 3, 19
Suppose 2*t - 2*f + 36 = -2*t, 0 = -3*t - 5*f - 40. Let y be (-34)/(-10) + 4/t. Let i(q) = q**2 + 2*q - 4. List the prime factors of i(y).
11
Let k(z) = z**3 + 9*z**2 + z + 13. Let r be k(-9). Suppose 0*j + 2*j = r. What are the prime factors of (6/j)/(3/7)?
7
Let d(t) = t**2 + 8*t + 7. Let g be d(-7). Let a be 3 - (2 - g/(-1)). Suppose 5*b - 34 = a. What are the prime factors of b?
7
Suppose 51 = 7*j - 201. What are the prime factors of j?
2, 3
Suppose 4*p = -5*p + 1836. List the prime factors of p.
2, 3, 17
Let h = -207 - -339. List the prime factors of h.
2, 3, 11
Suppose -2*d + 89 = s - 4*d, 0 = -4*s - d + 311. What are the prime factors of s?
79
Let b(g) = 12*g**2 + g + 1. Let w be 9/(-12) - 2/8. What are the prime factors of b(w)?
2, 3
Let s(k) = k**3 + 5*k**2 - 5*k + 7. Let w be s(-6). Suppose v - 3*f = -w - 4, -5*f = -4*v + 8. Let h = v + -4. List the prime factors of h.
3
Let s = -450 + 631. What are the prime factors of s?
181
Let f(i) = 2*i**2 - 2*i + 5. List the prime factors of f(4).
29
Let z(i) = -1 - i**2 - i + i + 8*i. List the prime factors of z(7).
2, 3
Let x(q) = 2*q**2 - 19*q - 4. Let d be x(13). Suppose 3*l = d + 57. What are the prime factors of l?
2, 3
Let b = -15 - -24. Let w(u) = -u**2 + 8*u + 12. Let v be w(b). Suppose -2*f = -v*p + f + 36, -2*p + 3*f = -22. List the prime factors of p.
2, 7
Let w(q) = -16*q + 3. What are the prime factors of w(-2)?
5, 7
List the prime factors of (-4)/(-18) - 24076/(-117).
2, 103
Let x(z) = -z**2 + 5*z - 4. Let k be x(3). Suppose k*f + f = 69. What are the prime factors of f?
23
Suppose 6 = -0*h - 3*h. What are the prime factors of -29*((-6)/h)/(-3)?
29
Let x = -110 - -160. What are the prime factors of x?
2, 5
Let b(t) = -t**2 + 5*t + 5. List the prime factors of b(4).
3
Let t be (-3)/(-3) - (0 - 3). Suppose -5*p = -l, 2*l + 6 = 4*l - t*p. What are the prime factors of l?
5
Let t = -36 + 59. Let w = -9 + t. List the prime factors of w.
2, 7
Let v = -20 - -10. Let b = v + 15. Suppose -2*a + 3*h = -4*a + 36, -4*a + 68 = b*h. List the prime factors of a.
2, 3
Let n = 71 + -16. Let j = -31 + n. What are the prime factors of j?
2, 3
Let q(t) = -t**3 - 8*t**2 - t - 5. Let m be q(-8). Let o be -4 - -6 - (-2 + 0). Suppose m = -i + o*i, a - 4*i = 1. What are the prime factors of a?
5
Suppose -4*j = -2*k + 470, -k + 4*j = 9*j - 263. What are the prime factors of k?
3
What are the prime factors of 2 + 44*(0 - -1)?
2, 23
Let f = 18 - 12. Suppose 2*u - f = 2*c, -c - 5 = -0*c + u. List the prime factors of (0 - c)/((-2)/(-7)).
2, 7
Let c(d) = -d + 7. Let r be c(7). Suppose r*b = 4*b - 8. List the prime factors of b.
2
What are the prime factors of 2 - -1 - (-3 - 20)?
2, 13
Let a(u) = -4*u - 4 + 2*u**2 + 2*u - u. What are the prime factors of a(-3)?
23
Let n(f) be the third derivative of -f**5/60 - 3*f**4/8 - 2*f**3/3 + 5*f**2. What are the prime factors of n(-6)?
2, 7
Let j(a) be the second derivative of a**3/2 + 2*a. Let v be 30/(-45)*3/(-2). List the prime factors of j(v).
3
Let n be 3 + (-1)/(2/(-106)). Suppose -6*l + 7*l = n. List the prime factors of l.
2, 7
Let u(f) = f**3 + 7*f**2 + 6*f - 5. Let r be u(-5). Suppose 0 = -p - 2*d + 11, p + d + 2*d - r = 0. What are the prime factors of p/3 + 1 + 0?
2
Suppose 4*g + 2*t = -0*t + 154, 0 = 3*t + 3. Let o(b) = -5*b**2 - 3*b + 1. Let f be o(2). Let u = g + f. List the prime factors of u.
2, 7
Suppose -6 = -5*r + 84. Let o = 0 - 12. Let c = o + r. List the prime factors of c.
2, 3
Suppose y + 230 = 3*c - 250, -y = -5*c + 802. List the prime factors of c.
7, 23
Let f(r) = 7*r**2 - r - 3. List the prime factors of f(2).
23
Let g be (-2)/(-2) + (1 - -1). Let p(d) = -3*d + 5*d - 3 - g*d. List the prime factors of p(-5).
2
Let m = -17 - -41. List the prime factors of m.
2, 3
Let a be (50/35)/(2/14). Let x = a + -4. List the prime factors of x.
2, 3
Let f(a) = -23*a**3 + 2*a**2 + 2*a + 1. What are the prime factors of f(-1)?
2, 3
Let g = -188 - -266. Let f = -56 + g. List the prime factors of f.
2, 11
What are the prime factors of 1 + (656/2)/4?
83
Let k be (-8)/5*(-20)/8. Suppose r - k*r + 45 = 0. What are the prime factors of r?
3, 5
Let j = -29 - -16. Let m(i) = i**3 + 13*i**2 + 7. List the prime factors of m(j).
7
Suppose -q = 3*q - 24. Suppose -9*c + q*c = -6. Suppose 24 = c*h - 10. What are the prime factors of h?
17
Let s = 15 - 9. Suppose -s + 0 = -3*b. Suppose -3*c - w + 16 = 0, -5*w + 28 + b = 5*c. List the prime factors of c.
5
Suppose -3 - 5 = 2*h. Let j = h - -7. Suppose 12 = 2*u + 2*i, j*u + 3*i - 26 = -2*i. List the prime factors of u.
2
Let d = -187 + 377. What are the prime factors of d?
2, 5, 19
Let q be ((-1)/2)/((-3)/(-54)). Let v = q - -4. List the prime factors of -2 + 4 - (1 + v).
2, 3
Suppose 3*l = 2*l - 12. Let z = 3 - l. What are the prime factors of z?
3, 5
Suppose -4*x + 4 = -3*x - r, x - 4 = 4*r. Suppose -5*d + 27 = x*m - 48, 5*d = 4*m + 115. List the prime factors of d.
19
Suppose 3*x = -3*s + 27, 4*x + 0*s - 2*s = 18. Let g = 9 - x. Suppose g*w = w + 8. What are the prime factors of w?
2
Let k = -13 + 19. List the prime factors of 7*2 + (k - 3).
17
Suppose 0*i - 3*i = -s + 91, s - 2*i - 87 = 0. What are the prime factors of s?
79
Suppose 5*u + 6 = 26. Suppose 3*s = u*f + 24, -4*s + f + 2 + 17 = 0. Suppose 3*q - s*y - 14 = 0, -6*y = 3*q - 2*y + 2. What are the prime factors of q?
2
Suppose -2*t = 3*s - 13 - 97, 3*s + 5*t - 113 = 0. List the prime factors of s.
2, 3
Let k(g) = g**2 + g + 2. Let i be k(0). Let x(o) = 0*o**2 + 1 + 3*o + o**3 + 0*o**2 + 0*o**2 - 4*o**i. List the prime factors of x(4).
13
What are the prime factors of ((-1 - 4) + 4)/((-2)/262)?
131
Let h = 1 + -5. List the prime factors of 30/h*12/(-15).
2, 3
Suppose -3*i - 6*d - 55 = -d, -39 = 3*i - 3*d. List the prime factors of (18/30)/((-1)/i).
3
Let v be 2 + 0 - (-438)/3. Suppose 5*z + f = 3*f - 170, 4*z - 4*f = -v. Let m = -16 - z. List the prime factors of m.
2
Let n be (-2)/8 - (-12)/(-16). Let q(j) = -12*j. List the prime factors of q(n).
2, 3
Let y = -73 - -49. What are the prime factors of (-184)/y + 4/(-6)?
7
Suppose 3*l = 6*l - 12. Suppose -4 = -l*j + 4, 0 = -4*s - 2*j + 16. What are the prime factors of -7*(-6)/21*s?
2, 3
Let l be ((-8)/10)/(10/75). Let b be 9/l*-2*9. Suppose 0*g - 3*g - 51 = -5*a, 2*a + g = b. List the prime factors of a.
2, 3
Let g = 12 - 7. Suppose 2 = d, g*d + 6 = 7*i - 3*i. Suppose 5*b - 77 = 3*n, -i*n - 81 = -5*b - 0*n. What are the prime factors of b?
13
Let q(t) = -4*t**2 - 6*t + 2. Let m(v) = 3*v**2 + 6*v - 1. Let z(h) = -3*m(h) - 2*q(h). Let a be z(-5). Let g = -2 + a. What are the prime factors of g?
2
Let o be ((-2)/3)/(4/(-30)). Suppose i = 2*i + 5*g - 4, -2*i + 8 = o*g. Suppose x = -0*x - 4*h + 7, -39 = -i*x - 5*h. What are the prime factors of x?
11
Let s = 50 + -1. List the prime factors of s.
7
What are the prime factors of (-34)/(-1) - (4 + -6)?
2, 3
Let i(t) = 11*t + 2. Let a be i(2). Suppose -6 = -2*o + a. What are the prime factors of o?
3, 5
Suppose 4*u - 79 - 109 = 0. List the prime factors of u.
47
Let u(k) = k**2 - 4*k + 7. Let y(m) = -m**2 - 6*m - 3. Let h be y(-3). Suppose 0 = -5*p + 2*v + 17, 3*v + 4 = 2*p + h. What are the prime factors of u(p)?
2, 3
Suppose z - 4*z - 3*w + 24 = 0, -2*w = -3*z - 1. Let g(n) = z*n + 1 + 0*n + n. List the prime factors of g(2).
3
Let g(m) be the third derivative of m**5/60 + 5*m**4/24 + 7*m**3/6 - 2*m**2. List the prime factors of g(-5).
7
Let o = -266 + 5. What are the prime factors of (-12)/60 + o/(-5)?
2, 13
Suppose -4*u - 5*b + 182 = 0, -u + 7 = 4*b - 44. List the prime factors of u.
43
What are the prime factors of (-2)/(-3) + 125/15?
3
Let u(a) be the first derivative of 22*a**3/3 + a**2/2 - a - 1. What are the prime factors of u(1)?
2, 11
List the prime factors of 165/((-28)/(-20) - 2/5).
3, 5, 11
Suppose 0 = 4*u - o - 0*o - 17, 4*o = 5*u - 24. List the prime factors of u + -2 + 2 - 2.
2
Let x be 4/(-2) + 88 + -2. Suppose 5*o - o = x. List the prime factors of o*((-2)/(-3))/2.
7
Suppose -4*v = v + 2*r + 3, 4*v = -r - 3. Wha